ist the prime factors of i.
37
Suppose k - 61 = 601. List the prime factors of k.
2, 331
Let v(w) = -w**3 + 5*w**2 + 2*w + 3. Let t be v(5). Suppose 9*h - t*h = -192. List the prime factors of h.
2, 3
Let w(h) = 15*h - 1. Let o be w(1). Let f = 51 - o. What are the prime factors of f?
37
Let w(x) be the second derivative of 5*x**3/6 - 3*x**2/2 - 11*x. List the prime factors of w(14).
67
Let s(n) = 6*n**2 + 2*n - 93. What are the prime factors of s(16)?
5, 59
Let n = 338 + 812. What are the prime factors of n?
2, 5, 23
Let z(t) = 51*t**2 - 26*t - 17. What are the prime factors of z(-7)?
2, 3, 37
Suppose 8*v - 659 = -1635. Let b = -70 - v. Let k = 84 - b. List the prime factors of k.
2
Suppose s - 6480 = -7*s. What are the prime factors of s?
2, 3, 5
Let k = -268 - -2194. List the prime factors of k.
2, 3, 107
Let k be (3 + 5)*1/(-2). Let r(u) = 10*u + 1. Let t be r(k). Let q = t + 48. List the prime factors of q.
3
What are the prime factors of (-200288)/(-80) - (-6)/(-10)?
2503
Suppose 58*f = 64*f - 22830. List the prime factors of f.
5, 761
Let z = -806 - -284. List the prime factors of z/(-33) + (-12)/(-66).
2
Let s(w) = 106*w - 24. What are the prime factors of s(6)?
2, 3, 17
Suppose 0 = 4*i - 58 + 50. Suppose 0 = i*w + 4*r - 152, 0*w + 151 = 2*w + 3*r. List the prime factors of w.
2, 37
Let h = 1914 - 508. What are the prime factors of h?
2, 19, 37
Let m = 359 - 294. List the prime factors of m.
5, 13
Let h be (-7 + 343/21)*(1 + 17). Let d = h + -70. What are the prime factors of d?
2, 7
Let a(y) = -9*y - 15. Let k be a(4). Let l = k + 107. What are the prime factors of l?
2, 7
Suppose x = 2*x + 4*a + 3, 3*x - a - 17 = 0. Suppose 40 = 5*n - 190. Suppose -45 = -q - 4*i, -3*q = -x*i - n - 72. What are the prime factors of q?
41
Suppose -n - 12 + 1 = 0. Let k be (n - (-1 - 1))*-1. List the prime factors of 92/2*(k - 8).
2, 23
Suppose 7*k + k = -112. Let v(o) = -2*o + 39. List the prime factors of v(k).
67
Let w(a) = a**3 - 6*a**2 + 6. Let q be (-8)/6*21/(-2). Let k = q - 8. What are the prime factors of w(k)?
2, 3
Let v be 8*7/((-28)/8). Let i = v + 63. Suppose -17 = -2*a + i. List the prime factors of a.
2
Let z(v) = 8*v + 52 + 10*v - 29*v + 14*v. List the prime factors of z(14).
2, 47
Suppose 5*v + 15 = 0, -4*d - 9*v = -4*v - 1757. What are the prime factors of d?
443
Suppose -5*a = t - 807, -t - 3*a + 791 = -6*a. What are the prime factors of t?
797
Suppose -2*l + 7*l = 3*d + 61, -2*d - 5*l = -1. What are the prime factors of -3 + (-2 + 54/(-8))*d?
2, 3, 17
Suppose -3*q = 3*i + i - 21, 0 = -3*q + 2*i + 3. Suppose p = 3*x + 223, -5*x - 1075 = q*p - 8*p. What are the prime factors of p?
211
Let n(g) = -6*g + 10. Suppose -9 - 6 = 3*u. Let j be n(u). Suppose -2*c + j = 4*a, -2*a + 2 = -0. List the prime factors of c.
2, 3
Suppose 7*i + 2133 - 243 = 0. Let h = i - -479. List the prime factors of h.
11, 19
Let u = 8 + 14. Suppose b - 74 = -2*g, 2*b - 120 = 2*g + u. List the prime factors of b.
2, 3
Let x be 4 + -2 - (-5 + 12). Let m = x - -9. Suppose 0 = -m*v + 2*v - o + 76, 4*o - 88 = -2*v. What are the prime factors of v?
2, 3
Let n(c) = -2*c**3 - 2*c**2 - 4*c - 7. Let p = -28 - -26. What are the prime factors of n(p)?
3
Let v(z) = -2*z**3 + 7*z**2 - 5*z + 3. Let k be v(4). Let r = -3 - k. What are the prime factors of r?
2, 3, 5
Suppose -12*d + 48848 = 15860. List the prime factors of d.
2749
Suppose 0 = -6*j + 63 + 2775. List the prime factors of j.
11, 43
Let b(s) = -s**3 - 11*s**2 + 6*s. Let w = -18 + 6. Let g be b(w). Suppose 8 - g = -2*x. List the prime factors of x.
2
Suppose -5*n - 73 - 57 = 0. What are the prime factors of 4/n - 602/(-26)?
23
Suppose 18*u - 23108 = -4496. What are the prime factors of u?
2, 11, 47
Suppose 2*n - 3698 = -w, n + 0*n + w = 1847. What are the prime factors of n?
3, 617
Suppose 692 - 7436 = -24*o. List the prime factors of o.
281
Suppose -3*z - 5*m + 1498 = 0, -4*m - 14 = 2. What are the prime factors of z?
2, 11, 23
Suppose -5*j + 13 = -n, 0*n - 1 = 4*n - 3*j. Suppose 0 = -n*p + 109 + 19. What are the prime factors of p?
2
Let d(x) be the second derivative of -x**4/12 + 17*x**3/6 - 10*x**2 - 6*x. What are the prime factors of d(9)?
2, 13
Suppose 2*b + b - 4*r - 3805 = 0, 4*b - 5040 = -3*r. What are the prime factors of b?
3, 421
Suppose -2*u = -0*u + 32. Let b be (-8 + 9)*-1*74/2. Let c = u - b. What are the prime factors of c?
3, 7
Suppose 4*v - 5*y - 3047 = 0, 3092 = -0*v + 4*v + 4*y. List the prime factors of v.
2, 3
Let o(c) = 26*c + 4. Let r(g) = -53*g - 8. Let t(w) = 7*o(w) + 3*r(w). List the prime factors of t(4).
2, 3
Suppose 2*t + 4 = 3*c, 0*t = -4*t - 3*c + 28. Suppose 3*g = -2*j + 7, t*j + 0*g = -g + 9. What are the prime factors of j?
2
Let o be 142 + -4 - 1/1. Suppose o = 7*g - 192. What are the prime factors of g?
47
Suppose 9*q + 577 = w + 11*q, -572 = -w + 3*q. What are the prime factors of w?
5, 23
Let m(v) = v**3 + 4*v**2 - 7*v - 2. Let z be m(-5). Suppose 3*g = 7*g - z. Suppose 4 = -h, -2*h + 14 + g = 3*d. What are the prime factors of d?
2
Let t = -33 + 33. Suppose t = 4*u + 55 - 223. What are the prime factors of u?
2, 3, 7
Let r(x) = -51*x - 4. Let n(h) = -103*h - 7. Let l(q) = 6*n(q) - 11*r(q). What are the prime factors of l(-4)?
2, 5, 23
Let m(h) be the third derivative of -h**2 - 1/120*h**6 + 1/4*h**4 - 7/60*h**5 + 0*h + 0 + 2/3*h**3. What are the prime factors of m(-8)?
2, 5
Let n(v) = v**3 - v**2 + 3*v - 3. Let b be n(2). Suppose 9*u = b*u. Suppose 4*h + 3*t - 50 = u, 0 = h - 0*t - 5*t - 1. What are the prime factors of h?
11
Let x = -2 - -4. Let k(c) = -19 + c**3 + 4*c + 2*c**2 + 21 - x*c. List the prime factors of k(3).
53
Let s(x) = 3*x**2 + 16*x + 10. Let v be s(9). Suppose -4*l = -3*a - v, 3*a - 2 = a. List the prime factors of l.
2, 5
Suppose -4*b - 12 + 52 = 5*v, 2 = 3*v - 2*b. Let u be (5 + -5)/(v + -2). Suppose -4*t + 57 - 5 = u. List the prime factors of t.
13
Suppose 2*m - 2874 = -5*w, -3*w - 1145 - 1713 = -2*m. What are the prime factors of m?
2, 179
Let m be (-1190)/(-11) + (-24)/132. Let l = -69 + m. List the prime factors of l.
3, 13
Let m = -28 + 49. Suppose 5*b = -n + 2 - m, -41 = 5*n - 2*b. List the prime factors of 2/n + (-1254)/(-54).
23
Suppose -2*z + 3*z = 3*t + 1154, -4*t + 2358 = 2*z. List the prime factors of z.
7, 167
List the prime factors of (-46)/(-6)*((-8 - -574) + -2).
2, 23, 47
Let o(i) = 2*i**2 + 3*i - 4. Let l be o(-3). Suppose -c - g + 20 + 25 = 0, -3*g - 209 = -l*c. Let j = c - 18. What are the prime factors of j?
5
Suppose -4*l = -2 - 6. Let p be (-1 + l - 203)/(-2). Suppose 5*i = 2*a - p, 5*a - 2*i = 2*i + 210. List the prime factors of a.
2, 19
Suppose 10*d - 7*d = 1227. What are the prime factors of d?
409
Let v(k) = k**3 - 12*k**2 - 45*k + 105. What are the prime factors of v(16)?
409
List the prime factors of (0 - (3 - 10))/(5/750).
2, 3, 5, 7
Let u = -11 - -16. Let n = u - 0. Suppose l - 53 = -4*t, -n*l + l = 4*t - 188. What are the prime factors of l?
3, 5
Let q = 470 - -9. What are the prime factors of q?
479
Suppose 0 - 2 = l. Let k be l - 6*(-2)/3. Suppose d - 4*v = 2*d - 28, 6 = k*d - 2*v. List the prime factors of d.
2
What are the prime factors of (-4910)/25*(3 - 8)?
2, 491
Let w = -14 + 19. Suppose 0 + 5 = -w*p. What are the prime factors of p - (0 + -5 + 2)?
2
Let i be (-124)/(-30) + 16/600*-5. Suppose -76 = -i*w + 4. What are the prime factors of w?
2, 5
Let y = 3 - 2. Suppose 2*c + 67 = -d, 0*d = -d - y. List the prime factors of c/((-1)/(12/9)).
2, 11
Suppose 0 = -v - f + 1192 - 93, -3*v = 5*f - 3307. List the prime factors of v.
2, 547
Suppose -3*j - 2*l + 5 = 0, -2*j = j + l - 10. Let i(h) = 6*h - 3. Let b be i(j). List the prime factors of b - 1 - (8 - 6).
2, 3
Let w(z) = -z**2 - 4*z - 3. Let u be w(-3). Let a(p) = -5*p**3 - 3*p + 6*p**3 + 4*p + 24. What are the prime factors of a(u)?
2, 3
Let m(d) be the first derivative of d**4/4 + 5*d**3 + 15*d**2/2 + 20*d + 8. List the prime factors of m(-14).
2, 3
Let l = -1 + 3. Let d = l - -2. List the prime factors of d/14 - (-4530)/70.
5, 13
Let w = -24 - -48. Let l = w + 25. List the prime factors of l.
7
Let o be (20/7)/((-18)/(-4221)). Suppose -17*s - o = -19*s. List the prime factors of s.
5, 67
Let d(z) = 2*z**3 - 3*z**2 - 3*z + 1. Let l = -8 + 11. Let v be d(l). Suppos